201 - -10?
-111220122121
In base 15, what is 709 - 5a?
69e
In base 16, what is -605 + -1e?
-623
In base 12, what is 5825 - 11a?
5707
In base 9, what is 14625 + 1?
14626
In base 9, what is 76717 - -3?
76721
In base 16, what is -b8 - f5?
-1ad
In base 5, what is -230 - 1330?
-2110
In base 12, what is 9 + -1a0?
-193
In base 12, what is -b053 + 2?
-b051
In base 16, what is -5488 + -53?
-54db
In base 13, what is 313 - -7?
31a
In base 11, what is 55564 - -1?
55565
In base 4, what is 11022202 - -11?
11022213
In base 6, what is 223 - -45015?
45242
In base 9, what is -6156 + 1?
-6155
In base 13, what is -200 + -25?
-225
In base 10, what is -11 + 107904?
107893
In base 3, what is 10020020121 + -1?
10020020120
In base 8, what is 204014 + 3?
204017
In base 16, what is -9 + ae2?
ad9
In base 10, what is 59 - -411?
470
In base 13, what is -2 + -198a5c?
-198a61
In base 11, what is 82 - 1299?
-1217
In base 12, what is 36428 + 5?
36431
In base 16, what is a26 - 0?
a26
In base 4, what is 1201 - 112003?
-110202
In base 14, what is -17a4a + 7?
-17a43
In base 15, what is -1 - -689d?
689c
In base 5, what is -4021 + -30?
-4101
In base 10, what is 27659 + 3?
27662
In base 11, what is -1 + 12a59?
12a58
In base 13, what is -1 - 823ab?
-823ac
In base 11, what is 179 - -89a8?
9076
In base 14, what is 1863 - 0?
1863
In base 12, what is -6a - -181a1?
18133
In base 10, what is -200178 + -1?
-200179
In base 3, what is -1122102 + 2?
-1122100
In base 14, what is -10b6a + 0?
-10b6a
In base 7, what is -35 + -213333?
-213401
In base 6, what is -443 - 115055?
-115542
In base 14, what is 5 + 179c99?
179ca0
In base 12, what is 3b + -84a9?
-846a
In base 16, what is e8 + 6af?
797
In base 5, what is -3 + -1142011?
-1142014
In base 13, what is -5c41 + 25?
-5c19
In base 10, what is -11637 + 8?
-11629
In base 9, what is 6140711 - -5?
6140716
In base 14, what is 2965 - -74?
29d9
In base 13, what is 5 + -3c271?
-3c269
In base 15, what is -6d - 9da2?
-9e20
In base 15, what is 139 - -1c92?
1dcb
In base 9, what is 881110 - 0?
881110
In base 13, what is -3ab8 - 21b?
-4006
In base 7, what is 0 + 4602555?
4602555
In base 2, what is 10011010110010 + -1?
10011010110001
In base 8, what is -12 - 457101?
-457113
In base 12, what is 310 + -210?
100
In base 9, what is -146114 - -6?
-146107
In base 8, what is 136 - 6411?
-6253
In base 6, what is 4 + -3450445?
-3450441
In base 14, what is 5 + 14adc6?
14adcb
In base 9, what is -16 - 17540?
-17556
In base 2, what is 0 + -10000011101001110?
-10000011101001110
In base 13, what is 3 + 20c92b?
20c931
In base 8, what is 152 + 1207?
1361
In base 8, what is -6 - -1052?
1044
In base 11, what is 361771 - 3?
361769
In base 8, what is -206 + 10732?
10524
In base 7, what is 1124634 - 0?
1124634
In base 2, what is -101010111001 + -1010101?
-101100001110
In base 11, what is -3 + -93aa26?
-93aa29
In base 14, what is 1658 - -20?
1678
In base 13, what is -1b707 - -2?
-1b705
In base 10, what is 3434 + -18?
3416
In base 6, what is 42 + -5?
33
In base 8, what is -7472435 + 4?
-7472431
In base 10, what is 33 + -4112?
-4079
In base 13, what is 1737 + 123?
185a
In base 6, what is 31024203 - -2?
31024205
In base 13, what is 1 + 7063?
7064
In base 5, what is -1123 + 4211?
3033
In base 10, what is 3 - -13616?
13619
In base 2, what is -100010001101 - 10110010?
-100100111111
In base 9, what is -6 - -722314?
722307
In base 15, what is -1 + -1381a?
-1381b
In base 11, what is -2 - 201285?
-201287
In base 3, what is 2 + -10020022?
-10020020
In base 5, what is 122 + 2013033?
2013210
In base 7, what is -2 - 106461?
-106463
In base 12, what is -27 - 6668?
-6693
In base 8, what is 1605 - -54?
1661
In base 7, what is 133061 + 5?
133066
In base 12, what is 22 + -a61?
-a3b
In base 7, what is -3626 - -50?
-3546
In base 14, what is -1 + 1c3ad?
1c3ac
In base 12, what is 3 + 14b63?
14b66
In base 3, what is -10002211 + -10?
-10002221
In base 4, what is 2 + -23112322?
-23112320
In base 7, what is -3366 - -552?
-2514
In base 12, what is -3 + 510a?
5107
In base 13, what is -773 - -41?
-732
In base 16, what is 34 - -293?
2c7
In base 3, what is 2201 + 2020220?
2100121
In base 5, what is 244312 - 0?
244312
In base 4, what is 3 + 3002001?
3002010
In base 3, what is -111 - 1000110222?
-1000111110
In base 8, what is -4 + 642414?
642410
In base 12, what is 3 - 554b4?
-554b1
In base 6, what is -2 + -315555?
-320001
In base 14, what is -ab10 + 5?
-ab09
In base 13, what is 47 + 1b18?
1b62
In base 7, what is 1114631 - -100?
1115031
In base 2, what is 11011111110001001 + 10000?
11011111110011001
In base 9, what is 360305 - 3?
360302
In base 7, what is -2 + -65113?
-65115
In base 3, what is -1011012021101 + 12?
-1011012021012
In base 11, what is -43 + 21a6?
2163
In base 16, what is 4 - 1162?
-115e
In base 14, what is 2 - 49dbb?
-49db9
In base 16, what is 1072 + -154?
f1e
In base 2, what is -101011100101110101101 - -1?
-101011100101110101100
In base 6, what is -205 - -3043?
2434
In base 14, what is 2 - -1abd5?
1abd7
In base 12, what is -146a - a58?
-2306
In base 7, what is -1 + -2431052?
-2431053
In base 4, what is 0 - 2330302?
-2330302
In base 5, what is -203 + -10330?
-11033
In base 4, what is 311320 - 1?
311313
In base 12, what is -18a7 - -3?
-18a4
In base 12, what is 2 + 3ab8?
3aba
In base 6, what is 5 - 255032?
-255023
In base 2, what is -1111 - 10000110000111?
-10000110010110
In base 16, what is 1 + -8c76?
-8c75
In base 10, what is -91 + 45783?
45692
In base 5, what is 2202 + -102?
2100
In base 13, what is 2238 + -244?
1cc4
In base 2, what is 110111000101110 - -10?
110111000110000
In base 13, what is -675 + -476?
-b1b
In base 12, what is 83 - -1aa5?
1b68
In base 7, what is 120 + 5620?
6040
In base 4, what is 1123010 - -13?
1123023
In base 8, what is -53030 - 0?
-53030
In base 10, what is 125 + 121?
246
In base 12, what is -22 + -191?
-1b3
In base 3, what is -101 + 122202021022?
122202020221
In base 3, what is -1110222202 + 111?
-1110222021
In base 4, what is 210 + -10030333?
-10030123
In base 7, what is 221 + 3421?
3642
In base 8, what is -3 + 35457?
35454
In base 10, what is -140393 - 2?
-140395
In base 2, what is -111110001111 + -10?
-111110010001
In base 9, what is 5 - -213?
218
In base 3, what is -112111010 - 1?
-112111011
In base 3, what is -10201120221021 + 2?
-10201120221012
In base 4, what is -202212 + -10022?
-212300
In base 12, what is 2 - -78516?
78518
In base 7, what is -2 + 11043366?
11043364
In base 8, what is -330077 + -2?
-330101
In base 3, what is -102121122 + 2010?
-102112112
In base 13, what is 52 - -9616?
9668
In base 3, what is 1201001 - 12222?
1111002
In base 14, what is -7b7 - -26?
-791
In base 7, what is 4555456 - -2?
4555461
In base 5, what is -2 + 21112340?
21112333
In base 2, what is 101011000001100 + -110000?
101010111011100
In base 6, what is -1 - 132005?
-132010
In base 14, what is 16b + 74b?
8b8
In base 16, what is -6c - 1114?
-1180
In base 5, what is 241301 + -4?
241242
In base 2, what is -1001 + -1001100?
-1010101
In base 3, what is 101100 - 100202?
121
In base 13, what is 4 + -10658?
-10654
In base 9, what is 1666 - 63?
1603
In base 15, what is -4059 - 27?
-4081
In base 16, what is -84435 + 3?
-84432
In base 12, what is -1792a - -7?
-17923
In base 16, what is 3 + -1069?
-1066
In base 11, what is 78 - 3098?
-3020
In base 16, what is 84b + 0?
84b
In base 4, what is -3113031 - -13?
-3113012
In base 14, what is -1795 - d6?
-188b
In base 4, what is -10233 - 1023?
-11322
In base 14, what is 1542a - -2?
1542c
In base 12, what is -13b2b - -2?
-13b29
In base 16, what is -4 - -8ae37?
8ae33
In base 6, what is -422311 - -15?
-422252
In base 3, what is 0 - -1000211?
1000211
In base 15, what is -2a50 + -2?
-2a52
In base 5, what is 31 + 3142420?
3143001
In base 6, what is -52 + 15502?
15410
In base 10, what is 877 + 72?
949
In base 14, what is -3 + -12aa27?
-12aa2a
In base 2, what is -111 - 1011010100?
-1011011011
In base 9, what is 4 - -112351?
112355
In base 10, what is 458419 + 0?
458419
In base 6, what is 5 + -130441?
-130432
In base 6, what is -11323 - 522?
-12245
In base 6, what is 3 + 523000?
523003
In base 10, what is -104 - 76?
-180
In base 5, what is 113033 - 4?
113024
In base 9, what is -370 + -535?
-1015
In base 12, what is -193 - 126?
-2b9
In base 16, what is 3f7 + -74?
383
In